- 18*o - 4. Let k be v(-18). Let b(w) = w. Calculate b(k).
-4
Let c = 29 + -25. Let k(l) = l**2. Let w be k(2). Suppose 0 = -z + c*z, -2*j + w*z = 0. Let d(s) = -s**3 + s - 4. Calculate d(j).
-4
Let h(u) be the second derivative of u**7/2520 - u**6/240 + 5*u**4/12 - 5*u. Let n(k) be the third derivative of h(k). Determine n(3).
0
Let q = -12 + 12. Suppose a + q + 3 = 0. Let v(z) = z**3 + 3*z**2 + z. What is v(a)?
-3
Let t(a) = a + 5. Let g(c) = c + 7. Let d(x) = 6*g(x) - 7*t(x). Give d(11).
-4
Let i be (-4 + 1)*1 + -1. Let n be 8/i - (-1 + 0). Let f(y) = -3*y + 1. What is f(n)?
4
Suppose 0 = -3*d + p + p, -2*d + 3*p = -5. Let v(u) = -2*u + 1. Calculate v(d).
5
Let l(m) = -m. Suppose -5*c + 3*c + 14 = -5*b, -5*c - 5*b = 0. Suppose 3*a + 3*t = 4*t - 18, -a - 6 = c*t. Give l(a).
6
Let m(b) = -2 - b + 7 - b + b. Determine m(0).
5
Let m(c) = -8*c. Let j(a) = -a + 3. Let p be j(3). Suppose -2*i = -p*i + 4. Let v be 10/4*i/(-5). What is m(v)?
-8
Let v(r) = r**3 + 8*r**2 + 7*r + 6. Let q(b) = -b**2 - 10*b - 7. Suppose 0 = 3*h + 5*p + 15, p - 3*p = -6. Let k be q(h). Calculate v(k).
6
Suppose 26 = 4*o + s + s, -o + 29 = 5*s. Let x(f) = -f - 1. Let c(m) = m**2 - 4*m - 3. Let l(y) = o*x(y) - c(y). Let h be (-2 - -6) + -3 - -2. Determine l(h).
-10
Let d(o) = o**2 + 5*o - 4. Let t be (-27)/(-12) + 1/(-4). Suppose t*x + 30 = 4*x - 2*f, -3*f - 9 = -x. Let w = 12 - x. What is d(w)?
2
Let a(m) be the second derivative of 1/12*m**4 + 0 + 2/3*m**3 + 2*m**2 + 6*m. Give a(-4).
4
Let k be (1 - 2)*(-1 - 1). Suppose -k*n + 5*s = -8 - 22, -4*n + 24 = -s. Let h(x) = x**3 - 6*x**2 + 6*x + 5. Give h(n).
10
Let z = 8 - -3. Let w = 15 - z. Suppose -5*s + 1 = -2*p, -p + 2*s = -2*p + w. Let v(a) = -a + 2. Give v(p).
0
Let z(o) = -2*o - 2. Suppose -9 = k - 2*k. Suppose -5*v + k = 5*c - c, -5*c + 42 = -4*v. Let m = c + -10. Calculate z(m).
6
Let a(n) = n**3 + 4*n**2 - n - 2. Let d = -7 + 10. Let u(o) = 0*o**3 + o - 3*o**3 + 3*o**3 - 4*o**d - o**2. Let y be u(1). Calculate a(y).
2
Let o be ((-4)/10)/((-1)/5). Let k(h) = 4 + h**2 + 4*h**o - h - 2 - h**3. Determine k(5).
-3
Let p be -2*(3 + (-2 - 0)). Let h(f) = f - 5. Let x be h(7). Let k(d) = 2*d**2 - 4*d**2 - 2*d**2 - x*d**3 - 2*d. Give k(p).
4
Let u(y) = 9*y**3 - 1. Suppose 3*g + 12 = 2*s, -2*s - 18 - 12 = 4*g. Let q = g - -1. Let z = q - -6. What is u(z)?
8
Let f(p) be the second derivative of 1/60*p**5 + 1/120*p**6 + 0*p**4 + 0 + 3/2*p**2 + 4*p + 5/6*p**3. Let g(b) be the first derivative of f(b). Determine g(0).
5
Let f(p) = 2*p + 1. Let j(a) = 8*a**2 + 4*a. Let o be j(-1). What is f(o)?
9
Suppose -3*r = -2*w - 5*r + 10, -14 = -2*w + 2*r. Let f(v) = 6 - 6*v + v**2 + w*v - 6*v. Calculate f(4).
-2
Let n(k) = k**3 - 5*k**2 - 6*k + 5. Let a be n(6). Let c be 12*((-21)/12)/(-7). Let d(o) = 1 + 2 + c*o - 9 - a*o. Calculate d(-4).
2
Let c(f) = -9*f + 21*f - 3*f - 7*f. What is c(1)?
2
Let p(y) be the third derivative of -y**9/60480 - y**8/2520 + y**7/5040 + y**6/90 - 2*y**5/15 + 6*y**2. Let d(q) be the third derivative of p(q). Give d(-8).
0
Let b(k) = k**3 - 3*k**2 - 6*k + 4. Let r(g) = -g**3 + 7*g**2 + 9*g - 2. Let o be r(8). Suppose 0 = t + h - 9, h = 4*t - h - o. What is b(t)?
-4
Let x(i) = -i**3 - 7*i**2 - 7*i - 2. Let u be -6*(-4)/(-8) + 6. Let r be ((-6)/5)/(u/15). What is x(r)?
4
Let b be (2/3)/(4/18). Let d(x) = 63*x**2 - x + 1 - 2 - 62*x**2 + 3. Give d(b).
8
Let t be 1 - 0 - 7/(-7). Let x(w) = 0 - 6 + w + t. Give x(5).
1
Let b be (-1 + (-4)/(-6))*192/(-8). Let a(o) = o - 3. What is a(b)?
5
Let b(s) = -s**2 - 2*s + 3. Suppose -3*p = -4*p - 3. Determine b(p).
0
Let y(g) = -2 + 5 + 0*g + g. What is y(-2)?
1
Let a(c) = -2 - 3 + c**2 + 2 + 5*c + 1. What is a(-6)?
4
Let f(i) be the first derivative of -i**3/3 + 5*i**2/2 - 3*i + 1. What is f(3)?
3
Let i(t) be the second derivative of -t**4/12 - 7*t**3/6 + 7*t**2/2 + 3*t. Calculate i(-6).
13
Let a(n) = -n**3 - 4*n**2 - 3*n. Let c be 2/(-2 + -3 + 4). Determine a(c).
-2
Let b(v) be the first derivative of -v**2/2 - 12*v - 1. Let y(p) = p**2 + 7*p - 5. Let n be y(-7). Give b(n).
-7
Let i(j) = -j**2 - 5*j + 6. Let d(o) = -o**3 - 4*o**2 - 25*o + 31. Let b(x) = 2*d(x) - 11*i(x). Determine b(3).
-16
Let v be 0/(-2) - (-1)/(-1). Let m(s) = -3*s**3 - 2*s - 1. Determine m(v).
4
Let k(r) = r**2 + 11*r + 7. Let d(y) = -y**2 - 11*y - 6. Let z(s) = 4*d(s) + 5*k(s). Let w be z(-10). Let x(n) = 8*n - 1. Determine x(w).
7
Let y(x) = -2*x - 3. Let d be 13/78 - 37/6. Determine y(d).
9
Let w(h) = -54 + 97 - h**3 - 14*h**2 - 11*h - 48 + 2*h**2. What is w(-11)?
-5
Let w = 8 - 5. Let p(g) = -g**3 + g + 4. Let d(n) = n**3 + n**2 - 2*n - 4. Let f(q) = 3*d(q) + 4*p(q). What is f(w)?
-2
Let a(n) = -2*n**2 - 13*n - 12. Let z(b) = 3*b**2 + 13*b + 13. Let i(s) = -4*a(s) - 3*z(s). What is i(14)?
-5
Let n be 1 + 2*(-14)/4. Let a be (-3 + (-21)/n)*0. Suppose 2*g - 10 = j + 2, a = -3*j. Let y(d) = -d + 6. Calculate y(g).
0
Let w(i) = 1610 + 4*i - 1610. Determine w(-2).
-8
Let a(v) = -v + 28 + 25 - 62. What is a(-4)?
-5
Let z = 3 + -1. Let g(v) = -v - 8 + z + v**2 + 5*v. Give g(-5).
-1
Let o(u) = -364*u + 186*u + 0 + 2*u**2 + 180*u + 2. Let v = -6 + 4. Give o(v).
6
Let z = 21 + -12. Suppose -z = 2*v - 5*v. Let x(g) = 3*g - v*g - 3 + g**2 - g + 6*g. Calculate x(-6).
3
Let z(q) = -q**3 - q**2 + 6. Let i be z(0). Suppose -2*l + i*l = 0. Let a(u) = -u**3 - u**2 + u + 10. Give a(l).
10
Let l(b) = b**2 - 1. Let p be l(2). Let v(t) = -2*t. Determine v(p).
-6
Suppose 4*j = 81 - 21. Let n = j - 11. Let z(k) = -k + 7*k + n*k**2 - 4 - k**3 + k + k**2. Give z(6).
2
Suppose -2*p = b - 5*p - 15, p = 3*b - 5. Suppose -4*f = s + 2*s + 15, b = -5*s + 2*f - 25. Let z(o) = o + 7. Give z(s).
2
Let u be 2/4 - 95/(-10). Let a(v) = v**3 - v**2 - 3*v - 1. Let m be a(-2). Let s = u + m. Let b(w) = -w**2 + 3*w + 2. Give b(s).
2
Let i(f) be the first derivative of -3*f**2 - 2*f + 1. Let v(z) = z**2 + 15*z + 12. Let k be v(-14). What is i(k)?
10
Let u(l) = -l + 3. Suppose -4*v + 40 = v. Let p(t) = 2*t - 22. Let m be p(12). Suppose 5*w = -4*n + v, 5*w - 3*n + 2 = -m*n. Give u(w).
3
Let u(b) = -6*b**3 + 5*b**2 + 4*b - 6. Let p(r) = -2*r**3 + 2*r**2 + r - 2. Let h(a) = -7*p(a) + 2*u(a). Determine h(2).
4
Let q(f) = -f**3 - 2*f**2 - f. Suppose -o - 1 = g, -5*o + 2 = -2*g - 0*o. Calculate q(g).
0
Let c(h) be the third derivative of -h**6/20 - h**5/60 + h**3/6 - 2*h**2. Suppose 0 = -0*z - 4*z + 5*g + 14, -5*z + 9 = -2*g. Determine c(z).
-6
Suppose 0 = -2*i - 3*i + 15. Let x(t) = 0 - 2*t + 1 + i. Determine x(5).
-6
Let l(t) be the first derivative of t**2/2 - 7*t + 1. Suppose d = 4*d - 15. What is l(d)?
-2
Suppose -x = 2*x - 27. Let u(r) = -19 + 9 + x - r**3 + 9. Calculate u(0).
8
Let i(q) be the second derivative of q**7/420 + q**4/6 - 7*q. Let m(o) be the third derivative of i(o). Determine m(1).
6
Suppose 20 + 12 = -4*s. Let r(n) = n + 9. Let d be r(s). Let h(m) = m**3 - m**2 - 1. Let u(i) = -3*i**2 + i - 5. Let c(f) = 4*h(f) - u(f). Determine c(d).
3
Suppose 5*q + 29 = 4. Let v = q - 0. Let w(i) be the second derivative of i**5/20 + 5*i**4/12 + 5*i**2/2 + 4*i. What is w(v)?
5
Suppose 48*s = 53*s - 10. Let k(d) = -d**3 + 2*d**2 + 3*d - 3. Determine k(s).
3
Let a = -41 + 98. Let g(r) = 56*r**3 + 1. Let b be g(1). Let d(l) = a - b - 2*l. Calculate d(-3).
6
Let k(j) = -j**3 + j**2 - j + 1. Let m = -16 - -20. Let z(a) = a**2 + 3*a. Let w be z(-5). Suppose -m*s + w = s. Calculate k(s).
-5
Let y(a) = -6*a + 4. Let b be y(-4). Suppose b = 4*f - 5*i + i, 4*i + 16 = 0. Let l(v) = -v**f - 7*v**2 + 10*v**2 + 5*v + 2 + 0*v**3. Calculate l(4).
6
Let d(g) = -2*g - 3. Let n(t) = -t - 6. Let s be n(7). Let i = s + 28. Suppose -m - i = 2*m. Calculate d(m).
7
Let p(c) be the second derivative of c**5/20 - 5*c**4/12 - c**3/6 - c**2 - 15*c. What is p(5)?
-7
Let o(p) = 28 - 28 - 4*p. Suppose -5*z + 0*z = 3*m - 35, -z = 4*m - 24. Let i be 8/(-6)*6/z. Calculate o(i).
8
Let o(w) be the first derivative of -w**2/2 - 10*w + 8. Calculate o(-8).
-2
Let d(f) = -f + 8. Let o be d(8). Let m(g) = -g**2 - g + 5. Calculate m(o).
5
Let k(u) = u**2 - 3*u - 2. Suppose 0 = -n + 4*n + s - 2, -2*s = -5*n - 4. Let w = 4 - n. Give k(w).
2
Let w(s) be the third derivative of -s**5/60 - 5*s**4/12 - s**3 - s**2. Let g be w(-9). Let h(i) = -23 + 2*i**2 + 2*i - i**3 + 23. Determine h(g